{"version":"1.0","provider_name":"Carpathia Center Romania","provider_url":"https:\/\/carpathiacenter.ro\/en","author_name":"creativebitsolutions","author_url":"https:\/\/carpathiacenter.ro\/en\/author\/creativebitsolutions\/","title":"Rela\u021bii bilaterale Rom\u00e2nia \u2013 Republica Federal\u0103 Germania - Carpathia Center Romania","type":"rich","width":600,"height":338,"html":"<blockquote class=\"wp-embedded-content\" data-secret=\"ukMo36PwbU\"><a href=\"https:\/\/carpathiacenter.ro\/en\/relatii-bilaterale-romania-republica-federala-germania\/\">Rela\u021bii bilaterale Rom\u00e2nia \u2013 Republica Federal\u0103 Germania<\/a><\/blockquote><iframe sandbox=\"allow-scripts\" security=\"restricted\" src=\"https:\/\/carpathiacenter.ro\/en\/relatii-bilaterale-romania-republica-federala-germania\/embed\/#?secret=ukMo36PwbU\" width=\"600\" height=\"338\" title=\"&#8220;Rela\u021bii bilaterale Rom\u00e2nia \u2013 Republica Federal\u0103 Germania&#8221; &#8212; Carpathia Center Romania\" data-secret=\"ukMo36PwbU\" frameborder=\"0\" marginwidth=\"0\" marginheight=\"0\" scrolling=\"no\" class=\"wp-embedded-content\"><\/iframe><script>\n\/*! This file is auto-generated *\/\n!function(d,l){\"use strict\";l.querySelector&&d.addEventListener&&\"undefined\"!=typeof URL&&(d.wp=d.wp||{},d.wp.receiveEmbedMessage||(d.wp.receiveEmbedMessage=function(e){var t=e.data;if((t||t.secret||t.message||t.value)&&!\/[^a-zA-Z0-9]\/.test(t.secret)){for(var s,r,n,a=l.querySelectorAll('iframe[data-secret=\"'+t.secret+'\"]'),o=l.querySelectorAll('blockquote[data-secret=\"'+t.secret+'\"]'),c=new RegExp(\"^https?:$\",\"i\"),i=0;i<o.length;i++)o[i].style.display=\"none\";for(i=0;i<a.length;i++)s=a[i],e.source===s.contentWindow&&(s.removeAttribute(\"style\"),\"height\"===t.message?(1e3<(r=parseInt(t.value,10))?r=1e3:~~r<200&&(r=200),s.height=r):\"link\"===t.message&&(r=new URL(s.getAttribute(\"src\")),n=new URL(t.value),c.test(n.protocol))&&n.host===r.host&&l.activeElement===s&&(d.top.location.href=t.value))}},d.addEventListener(\"message\",d.wp.receiveEmbedMessage,!1),l.addEventListener(\"DOMContentLoaded\",function(){for(var e,t,s=l.querySelectorAll(\"iframe.wp-embedded-content\"),r=0;r<s.length;r++)(t=(e=s[r]).getAttribute(\"data-secret\"))||(t=Math.random().toString(36).substring(2,12),e.src+=\"#?secret=\"+t,e.setAttribute(\"data-secret\",t)),e.contentWindow.postMessage({message:\"ready\",secret:t},\"*\")},!1)))}(window,document);\n<\/script>","thumbnail_url":"https:\/\/carpathiacenter.ro\/wp-content\/uploads\/2025\/07\/acord-romania-germania-768x913-1.jpg","thumbnail_width":768,"thumbnail_height":913,"description":"Pre\u0219edintele Rom\u00e2niei, Nicu\u0219or Dan, efectueaz\u0103, pe 18 iulie, o vizit\u0103 oficial\u0103 \u00een Germania, unde are programate \u00eent\u00e2lniri la nivel \u00eenalt cu pre\u0219edintele federal, Frank-Walter Steinmeier, cancelarul Friedrich Merz, precum \u0219i cu reprezentan\u021bi ai mediului de afaceri german, a anun\u021bat \u0219eful statului la 14 iulie 2025, \u00een cadrul conferin\u021bei de pres\u0103 sus\u021binute la Palatul Cotroceni. ***..."}

Relații bilaterale România – Republica Federală Germania - Carpathia Center Romania

<blockquote class="wp-embedded-content" data-secret="ukMo36PwbU"><a href="https://carpathiacenter.ro/en/relatii-bilaterale-romania-republica-federala-germania/">Relații bilaterale România – Republica Federală Germania</a></blockquote><iframe sandbox="allow-scripts" security="restricted" src="https://carpathiacenter.ro/en/relatii-bilaterale-romania-republica-federala-germania/embed/#?secret=ukMo36PwbU" width="600" height="338" title="&#8220;Relații bilaterale România – Republica Federală Germania&#8221; &#8212; Carpathia Center Romania" data-secret="ukMo36PwbU" frameborder="0" marginwidth="0" marginheight="0" scrolling="no" class="wp-embedded-content"></iframe><script>
/*! This file is auto-generated */
!function(d,l){"use strict";l.querySelector&&d.addEventListener&&"undefined"!=typeof URL&&(d.wp=d.wp||{},d.wp.receiveEmbedMessage||(d.wp.receiveEmbedMessage=function(e){var t=e.data;if((t||t.secret||t.message||t.value)&&!/[^a-zA-Z0-9]/.test(t.secret)){for(var s,r,n,a=l.querySelectorAll('iframe[data-secret="'+t.secret+'"]'),o=l.querySelectorAll('blockquote[data-secret="'+t.secret+'"]'),c=new RegExp("^https?:$","i"),i=0;i<o.length;i++)o[i].style.display="none";for(i=0;i<a.length;i++)s=a[i],e.source===s.contentWindow&&(s.removeAttribute("style"),"height"===t.message?(1e3<(r=parseInt(t.value,10))?r=1e3:~~r<200&&(r=200),s.height=r):"link"===t.message&&(r=new URL(s.getAttribute("src")),n=new URL(t.value),c.test(n.protocol))&&n.host===r.host&&l.activeElement===s&&(d.top.location.href=t.value))}},d.addEventListener("message",d.wp.receiveEmbedMessage,!1),l.addEventListener("DOMContentLoaded",function(){for(var e,t,s=l.querySelectorAll("iframe.wp-embedded-content"),r=0;r<s.length;r++)(t=(e=s[r]).getAttribute("data-secret"))||(t=Math.random().toString(36).substring(2,12),e.src+="#?secret="+t,e.setAttribute("data-secret",t)),e.contentWindow.postMessage({message:"ready",secret:t},"*")},!1)))}(window,document);
</script>

Președintele României, Nicușor Dan, efectuează, pe 18 iulie, o vizită oficială în Germania, unde are programate întâlniri la nivel înalt cu președintele federal, Frank-Walter Steinmeier, cancelarul Friedrich Merz, precum și cu reprezentanți ai mediului de afaceri german, a anunțat șeful statului la 14 iulie 2025, în cadrul conferinței de presă susținute la Palatul Cotroceni. ***...
